*w - 1193*w**2. What is the remainder when x(-36) is divided by 22?
19
Let b be ((-46764)/(-27))/(-1 + 3) + 4. Let h = -840 + b. What is the remainder when 64 is divided by h?
4
Let h(i) = 12*i**3 - 16*i**2 - 16*i - 3. Calculate the remainder when h(5) is divided by 31.
25
Let r(y) = -9*y + 18. Let f be r(-3). Suppose 0 = -43*k + 40*k + f. Calculate the remainder when 34 is divided by k.
4
Suppose -19*x + 5936 = 5*o - 17*x, 0 = o - 5*x - 1171. What is the remainder when o is divided by 49?
10
Suppose 108*h - 137*h + 1128 = -3. Let a(j) = -20*j + 6. What is the remainder when a(-7) is divided by h?
29
Let f(x) = 492*x**2 + 13*x + 6. Let h be f(4). Suppose h*j - 7936*j = -372. Calculate the remainder when j is divided by 1/((-1)/(-11) + 0).
7
Let b(j) = -14*j - 512. Suppose 0 = 2*k - 287 - 191. Calculate the remainder when k is divided by b(-38).
19
Let g = 324 + -254. Let d = -53 + g. Calculate the remainder when 81 is divided by d.
13
Suppose -329*w + 281150 + 347351 + 61741 = 0. Calculate the remainder when w is divided by 28.
26
Let v = -282 + 279. What is the remainder when 4/(8/42) - -2 is divided by (-2)/(11 + v)*-56?
9
Let n(s) = 4*s**2 + 22*s + 12. Let y be n(-5). Suppose 2*f = -4*t - 8 + y, -5*t = 0. Calculate the remainder when 74 is divided by (-4)/(f + 1) - (-4 - 19).
24
Let l(w) = w**2 - 16*w - 120. Let x(m) = m**3 + 4*m**2 + 9*m + 9. Let z be x(-3). What is the remainder when l(z) is divided by 37?
31
Let v = 104 - 67. What is the remainder when v is divided by 3596/276 + (-12)/414?
11
Suppose -3*a - 47 = -203. Suppose -3*h - 2*g = -0*g - 778, 3*h + 14*g - 838 = 0. Calculate the remainder when h is divided by a.
48
Let t(p) = -p**2 + 1. Let r(x) = 3*x - 14. Let q(s) = -r(s) + 6*t(s). Let a be q(4). Let w = 101 + a. What is the remainder when 34 is divided by w?
8
Let t(g) = -3*g**3 - 44*g**2 - 22*g + 150. Let m(v) = -v + 1. Let x be m(0). Calculate the remainder when t(-14) is divided by 0/(-1)*x + 17.
15
Suppose -5*t + w + 21 = -3*w, 5*t - 24 = w. Let u = -115 + 106. What is the remainder when 68 - 2 - (u + t) is divided by 26?
18
Suppose 32*v - 21560 = -43*v - 35*v. Let y(w) = w**3 + 8*w**2 - 9*w - 6. Calculate the remainder when v is divided by y(-8).
64
Suppose 3*n = n - 68. Let f = -170 - -216. Let t = n + f. What is the remainder when 29 is divided by t?
5
Suppose -3398 = -8*j - 1310. What is the remainder when j is divided by 86?
3
Suppose q + 0*f - 472 = 3*f, 0 = 3*q - 2*f - 1416. What is the remainder when 60 is divided by (-3)/2 + (q/16 - -6)?
26
Let w(k) = 20*k**2 + 143*k - 3892. Let s(o) = -10*o. Let l = 2 - 3. Calculate the remainder when w(-18) is divided by s(l).
4
Let j = 6493 - 6431. Calculate the remainder when j is divided by 43.
19
Let s(k) = -5*k**3 + 11*k + 771. What is the remainder when s(0) is divided by 268?
235
Suppose -4*w - w - 80 = 0. Calculate the remainder when 142 is divided by (8 + -3 - w)/1.
16
Suppose -5*a = -4*o - 38, o = 2*a - 5 - 12. Suppose 0 = -a*z + 7*z - 6. What is the remainder when 14 is divided by (-1 - z)/1 - (-6 + 1)?
2
Suppose 0 = 19*n - 818 + 115. Calculate the remainder when 128 is divided by n.
17
Suppose 600*y = 614*y - 54194. What is the remainder when y is divided by 32?
31
Let v(z) = -2*z**3 - 52*z**2 - 59*z + 178. Calculate the remainder when v(-25) is divided by 5.
3
Suppose -3*x - 13 = 11. Let t be 4/12 - (x/(-6) - -1). What is the remainder when 21 is divided by (-4)/(-6)*(t + 14/1)?
5
Let h(a) = -42*a - 190. Let m be h(-11). Let c = 379 - m. What is the remainder when c is divided by 8?
3
Let z = -810 + 824. Suppose 2*f - 1792 = -z*f. Calculate the remainder when f is divided by 3.
1
Let j(n) = 2*n**3 - 6*n**2 + 4*n + 8. Let y be j(4). What is the remainder when 39 is divided by 1/((-220)/y + 4)?
11
Let x(y) = -7*y - 58. Suppose -4*j + 7 = g, -2*g = 3*g - j - 35. Let r be x(g). Let s = -78 - r. Calculate the remainder when s is divided by 16.
13
Suppose -30*f - 3154 = -119*f + 2097. What is the remainder when 4953 is divided by f?
56
Suppose -3*m + 4*p - 50 = 0, 2*p = -2*m + 3*m + 18. Calculate the remainder when 57 is divided by -4 - m/4 - 135/(-6).
13
Suppose q + 5*l = 16203, -3*l = 274*q - 277*q + 48609. Calculate the remainder when q is divided by 111.
108
Let r be 18/9 + (-1 - (4 + -7)). Suppose -r*d + 7*d = -5*g + 125, -d - 39 = -2*g. What is the remainder when 49 is divided by g?
5
Suppose 29 + 1 = 6*n. Suppose -f = 5*z - 126, 8*z + n*f = 3*z + 110. What is the remainder when 45 is divided by z?
19
Suppose 29*w = -49*w + 2390 + 3226. What is the remainder when 146 is divided by w?
2
Let j = -58 - 14. Let p be j/(-33) - 4/22. Suppose -p*i + 19 + 117 = 0. What is the remainder when i is divided by 23?
22
Let y(c) = 92*c - 9464. Let w be (-12)/3 - -1 - 0. Let l(v) = -10*v + 2. What is the remainder when l(w) is divided by y(103)?
8
Suppose x + 3*w - 103 = 0, 5*x + 43*w - 42*w = 599. What is the remainder when 9073 is divided by x?
119
Suppose -44*j - 123 + 12 + 551 = 0. Calculate the remainder when 15147 is divided by j.
7
Let w(u) = -35*u - 743. Calculate the remainder when w(-28) is divided by 55.
17
Let p(r) = -50*r + 839. What is the remainder when 456 is divided by p(16)?
27
Let r = -43 - -72. Let v = -8 - -17. Let g(u) = u**2 - 4*u + 9. Calculate the remainder when g(v) is divided by r.
25
Let p(i) = 2*i**2 - 38*i - 36. Let z be p(20). Let q(n) = -2*n**2 + 4*n**2 - z*n + 54 + 6*n - n. What is the remainder when q(0) is divided by 19?
16
Let j(u) = -2*u**3 + 37*u**2 + 112*u - 50. Calculate the remainder when j(20) is divided by 244.
14
Suppose -1490 = -5*n - 5*h, 277 = n + 15*h - 17*h. Calculate the remainder when 309 is divided by n.
18
Let l be (0 - -5)/((-110)/(-44)). Suppose l*m - 3*p - 147 = -m, -5*p + 178 = 4*m. What is the remainder when 181 is divided by m?
40
Let l(t) = -72 + 11*t**3 - 17*t**2 - 10*t - 41 - 12*t**3. What is the remainder when l(-17) is divided by (-44)/(1*-2) + -1?
15
Let d(u) = 21*u + 105. Let v be d(-5). Suppose 4*y + 4*g = 2*y + 52, v = 2*y + 5*g - 56. Calculate the remainder when 116 is divided by y.
8
Let o(d) = -2*d**2 - 43*d - 18. Let s be o(-21). Suppose -s*u - 3*u = -72. Let y(l) = l**2 + 35. What is the remainder when y(0) is divided by u?
11
Let l = 8393 + -300. Calculate the remainder when l is divided by 46.
43
Let w be (-2)/(2/3) - 200. Let y = 228 + w. What is the remainder when 222 is divided by y?
22
What is the remainder when 320/40*6 + (-4*1)/(-2) is divided by 35?
15
What is the remainder when -13*((-21)/63)/(1/18) is divided by 7?
1
Suppose 145 - 1496 = -2*i - 75. Calculate the remainder when i is divided by 321.
317
Suppose -598 = 34*u - 666. What is the remainder when 23 is divided by u?
1
Let z = -141 - -137. Let h(d) = -8*d - 10. Calculate the remainder when 36 is divided by h(z).
14
Let b(h) = h**3 + 89*h**2 - 100*h - 530. What is the remainder when b(-90) is divided by 48?
34
Suppose 0 = 21*u - 4420 - 53. Suppose 39 - u = -3*k. Calculate the remainder when k is divided by 20.
18
Suppose -18383 = -62*k - 3*k + 7747. What is the remainder when k is divided by 5?
2
Let o(j) = -3*j**2 + 28*j + 19. Let w be o(10). Calculate the remainder when 2/4*w/((-3)/1020) is divided by 35.
30
Let x(k) = k**2 - 5*k - 8. Let v be x(-2). Calculate the remainder when 55 is divided by 3 + v/((-6)/(-19)).
11
Let i = -629 - -611. Calculate the remainder when i/(-45) - (-158)/5 is divided by 17.
15
Let r = 66 + 450. Suppose -22*w = -r - 12. Calculate the remainder when w is divided by 13.
11
Let y = 2 - 7. Let m = 1 - y. What is the remainder when (-5)/(-27 - 23036/(-858)) is divided by m?
3
Let g = -16567 + 22443. Calculate the remainder when g is divided by 159.
152
Suppose -c - 6 = -7. Suppose -4*b + 7*b - 24 = -2*v, 0 = 5*v - 15. Suppose 2*m + b = j, m + 2 = -3*j - 3*m. What is the remainder when j is divided by c?
0
Suppose -d + 22057 = 2*d + 20*d. What is the remainder when d is divided by 20?
19
Let y be 44 - (-2 + 5/(-5)). Let c = y + -25. Let w(t) = -t**3 - 11*t**2 - 9*t + 25. What is the remainder when c is divided by w(-10)?
7
Let t(c) = -35*c**2 + 2*c - 7. Let f be t(3). Let h = f - -327. What is the remainder when h is divided by (-2 + 3/2)*-10?
1
Suppose -3*u + 37 = -5*p, 18*u - 14*u = 2*p + 26. What is the remainde